ivided by 31.
29
Let f(g) = 13*g**3 + g - 1. Let o(h) = h**2 + 4*h + 5. Let b be o(-5). Calculate the remainder when 192/5 - 4/b is divided by f(1).
12
Let a = 17 + -9. What is the remainder when 38 is divided by a?
6
Suppose m = -4*a - m + 54, -9 = -a + m. Calculate the remainder when 33 is divided by a.
9
Let l(q) = -4*q - 3. Let r be l(-4). Let g = -6 + r. Let t(n) = n**3 - 7*n**2 + 4. What is the remainder when 11 is divided by t(g)?
3
Let o = -3 - -3. Suppose y - 22 = -5*j - 3*y, -5*j - 5*y + 20 = o. Suppose k + 0*k - 5*c - 1 = 0, -k + 17 = 3*c. What is the remainder when k is divided by j?
5
Let d = -2 - -2. Suppose 2*v = v + 19. Calculate the remainder when v is divided by (1 + d)*1 + 6.
5
Suppose 3*v - 2*u + 62 = 7*v, -u - 44 = -3*v. What is the remainder when 3/v - 298/(-10) is divided by ((-3)/(-2))/(9/96)?
14
Let s = 274 + -154. Suppose 0 = 2*r + 2*r - s. Calculate the remainder when r is divided by 11.
8
Suppose 237 = 5*m - 2*m. Let i = -137 + m. Let c = i + 108. What is the remainder when c is divided by 26?
24
Suppose -4*i - 18 = -2*c, c = -0*c - 3*i + 9. Let k be 320/(-18) - 2/c. Let g = 30 + k. Calculate the remainder when 22 is divided by g.
10
Suppose 4*j = -2*m - 46 + 144, -93 = -3*j + 5*m. Let d = 11 + 3. Calculate the remainder when j is divided by d.
12
Suppose w - 13 = -0*w - 4*q, 2*w - 8 = q. Suppose 3*t + 2 = w*f - 13, -t = -5*f + 25. What is the remainder when f is divided by 2?
0
Suppose -15 = c + 3*g, -2*c + g + 30 = -4*c. Let h = 26 + c. What is the remainder when 43 is divided by h?
10
Calculate the remainder when (9/(-12))/((-3)/84) is divided by 9.
3
What is the remainder when (-4)/1 - -23 - -2 is divided by 11?
10
Suppose -21 = -5*d + 59. Suppose -5*h = 2*i - 44, -2*i = h + 4 - d. What is the remainder when h is divided by 5?
3
Let j(a) = -a**3 + 5*a**2 - a - 4. What is the remainder when 30 is divided by j(3)?
8
Let r(l) be the second derivative of -l**3/3 - 3*l**2 - 3*l. Let x be r(10). Let f = x - -44. What is the remainder when f is divided by 7?
4
Suppose 5*o = -0*o + 10. What is the remainder when 31 is divided by (o/6)/(3/99)?
9
Let r = 25 - 11. Let p = 68 - 27. What is the remainder when p is divided by r?
13
Suppose 0*g + g - 1 = p, -2*g + 5 = -p. Let f = -1 + 3. What is the remainder when g is divided by f?
0
Let l = 15 + -4. Calculate the remainder when 41 is divided by l.
8
Let i(o) = -o - 5. Let n be i(-7). Suppose 0*f - f + 1 = 0. What is the remainder when (-4 - -5)/(n - 1) is divided by f?
0
Suppose 0 = -4*l + 2*d + 176, 0 = l + l - 2*d - 92. What is the remainder when l is divided by 23?
19
What is the remainder when 1*(-3)/(-6) + 755/10 is divided by 7?
6
Calculate the remainder when (-45)/2*(-72)/20 is divided by 21.
18
Suppose -3 = -4*k + 5. Suppose -k*f = f - 21. What is the remainder when f is divided by 5?
2
Let a(r) = 3*r**2 + 4*r + 2. Let z be a(-4). Let q = 69 - z. What is the remainder when q is divided by 9?
8
Let t(v) = 19*v**2 - 3*v - 2. Let d(m) = -m - 1. Let h(o) = -3*d(o) + t(o). What is the remainder when h(1) is divided by 7?
6
Let m = 7 - 4. Let b(g) = 5*g**2 - 7*g - 4. Let w(u) = -9*u**2 + 13*u + 8. Let d(p) = 7*b(p) + 4*w(p). What is the remainder when d(m) is divided by 3?
1
Let p(f) = -f**3 + 21. Calculate the remainder when p(0) is divided by 6.
3
Let f(b) = -b**2 + 3*b. Let x be f(4). Let a(h) = -2*h + 4. What is the remainder when 23 is divided by a(x)?
11
Let s = -90 + 159. Calculate the remainder when s is divided by 35.
34
Suppose -15 - 10 = -5*d. Let c = -1 - -3. Let m(n) = n**2 - 2*n + 2. What is the remainder when d is divided by m(c)?
1
Let l(d) = d - 2. What is the remainder when l(5) is divided by -9 - -2 - -6 - -3?
1
Suppose 1 = -5*b + 31. Calculate the remainder when (1 - (10 - -1))/(-1) is divided by b.
4
Suppose -c = 4 - 1. Let u be 1/(c/18*-3). Let t = -1 + u. What is the remainder when 2 is divided by t?
0
Let r(q) = -6*q + 31. What is the remainder when 20 is divided by r(4)?
6
Let z(t) = t**3 + 2 + 2*t**2 + 0 - 5*t**2 - 6*t. Let w(r) = -11*r + 1. What is the remainder when z(5) is divided by w(-1)?
10
Let y = -5 + 8. Let u = 8 - 5. Suppose 100 = y*f + 2*f - 5*i, -u*i = f - 24. What is the remainder when f is divided by 11?
10
Suppose -z - 5*p - 15 = 4, 5*z = -p - 47. Let j(r) = -r**2 - 10*r + 4. What is the remainder when 23 is divided by j(z)?
10
Let k(l) = -l**3 + 6*l**2 - 5*l. Let f = -74 - -204. Suppose -5*m + 0*x = 5*x - f, -5*m + 126 = 4*x. What is the remainder when m is divided by k(4)?
10
Let x(k) = k**2 - 7*k - 3. Let w be x(7). Let r(t) = -t**2 - 5*t - 3. Let n be r(w). Suppose -3*g + 0*g + n = 0. Calculate the remainder when 1 is divided by g.
0
Suppose -104 = -21*x + 17*x. Calculate the remainder when x is divided by 15.
11
Let q = -63 - -33. What is the remainder when 5 is divided by (-3)/(q/(-4))*-5?
1
Let k be 39/(-6)*(-2)/1. Suppose -27 = -5*a + k. Let h(v) = v**3 + 5*v**2 - 4*v - 5. Calculate the remainder when h(-5) is divided by a.
7
Let z(v) = v**2 - 3*v - 7. Calculate the remainder when 23 - 20 - -7*1 is divided by z(5).
1
Suppose -k + 8 = -2*k - 5*m, 0 = -k - m + 12. What is the remainder when k is divided by 10?
7
Let g(w) = w**2 - 3*w - 3. Calculate the remainder when g(10) is divided by 23.
21
What is the remainder when (-320)/(-6) + ((-1)/3)/1 is divided by 18?
17
Let g be 4/12*31*-3. Let u = g - -49. What is the remainder when u is divided by 5?
3
Let w(z) = z**2 - z - 1. Let m be w(0). Let v be (-8)/32 - m/4. Suppose -2*n = -v*n - 106. What is the remainder when n is divided by 18?
17
Let h = -1 + 10. Calculate the remainder when 53 is divided by -2 + 15*12/h.
17
Let a be (-9)/(-18) - (-58)/(-4). Let l = 20 + a. What is the remainder when 21 is divided by l?
3
Suppose -3 - 99 = -2*f. What is the remainder when f is divided by 13?
12
Let v(p) = -2*p**2 + 9*p + 2. What is the remainder when 32 is divided by v(3)?
10
Suppose -3*v + 2*p + 39 = -p, 0 = -5*v + 3*p + 63. What is the remainder when 519/15 - (-3)/(-5) is divided by v?
10
Let z(t) = -t**3 - 4*t**2 + 4*t + 4. Let u be z(-5). Let o be 36/(-3)*(-12)/u. Suppose 0*d = d - o. Calculate the remainder when 46 is divided by d.
14
Let a(l) = -19*l + 2. Let i(q) = 5*q**2 - q - 1. Let t be i(2). Suppose -5*f + 53 + t = 0. Calculate the remainder when a(-2) is divided by f.
12
Suppose 314 = 6*b - 82. What is the remainder when b is divided by 23?
20
Suppose 9*h - 5*h = 24. What is the remainder when 15 is divided by h?
3
Let d(p) = 5*p. Let q(v) = 7*v**2 + v - 2. Suppose 0*r + 1 = r. What is the remainder when d(2) is divided by q(r)?
4
Let j(y) = 3*y**3 - y. Let u be j(1). Suppose q = -3*n - u*q + 120, -5*n + 3*q = -192. What is the remainder when 50 is divided by (2/(-3))/((-2)/n)?
11
Suppose 0 = 3*l + l + 2*v - 16, 3*l + 2*v - 10 = 0. Suppose 0 = -6*r + 2*r + 92. What is the remainder when r is divided by l?
5
Calculate the remainder when ((-8)/14)/(4/(-154)) is divided by 5.
2
Suppose -235 = -5*m - 0*m. Calculate the remainder when m is divided by 24.
23
Let c(d) = d**2 + 3*d - 2. Let o be (0 - -2)*(-1)/(-2). Let m(t) = 28*t + 1. What is the remainder when m(o) is divided by c(3)?
13
Suppose -t + 4*t = 48. Let a = 9 - t. Calculate the remainder when 30 - -1 - (a - -7) is divided by 8.
7
Suppose -5*a - 5*v = 0, 0 = -3*a - v - v + 2. Suppose -z = 1, 0*w + 2*z = a*w - 58. Calculate the remainder when w is divided by 15.
13
Let h(x) = x + 519. Let z be h(0). Let w(y) = y**2 - 2*y - 1. What is the remainder when (-4)/18 - z/(-27) is divided by w(4)?
5
Suppose -76 = -5*i - 2*b, 2*i + b + 0*b - 31 = 0. What is the remainder when 40 is divided by i?
12
Calculate the remainder when (21/(-9))/((-2)/18) is divided by (2 - -2) + 2 + 6.
9
Let q = 5 + -4. Calculate the remainder when 42 + -3 - (1 + 1) is divided by 13*(3 + -1 - q).
11
Let d be (1 - -3) + 72 + -5. Suppose -2*n - d = -f - 3*n, -4*f + 2*n = -302. Calculate the remainder when f is divided by 15.
14
Let i = -16 - -27. Suppose 46 = 5*l + 4*g, 37 = 5*l + 2*g - i. What is the remainder when l is divided by 6?
4
Suppose 49 = -5*y + 224. What is the remainder when y is divided by 9?
8
Suppose -5*s + 3*x = -105, 0 = -5*s - 4*x + 82 + 23. Let y = s + -17. What is the remainder when 15 is divided by y?
3
Suppose 14 = -4*h + 5*h. L